mon factor of 577191 and 7578?
1263
What is the greatest common divisor of 244762 and 14?
14
Calculate the greatest common divisor of 40 and 96744.
8
Calculate the greatest common divisor of 207 and 5497.
23
What is the highest common divisor of 53452 and 17066?
322
What is the greatest common divisor of 1761096 and 48?
24
What is the highest common divisor of 327 and 2793?
3
What is the greatest common factor of 26390 and 18125?
145
Calculate the greatest common factor of 78780 and 909.
303
Calculate the highest common divisor of 498 and 2334.
6
Calculate the greatest common divisor of 52496 and 5404.
772
What is the highest common divisor of 572 and 98241?
143
What is the highest common factor of 812224 and 672?
224
Calculate the greatest common divisor of 1233 and 225.
9
Calculate the highest common factor of 308 and 99836.
44
What is the greatest common factor of 102 and 11407?
17
What is the greatest common factor of 82505 and 29?
29
Calculate the greatest common factor of 59262 and 238.
238
What is the greatest common divisor of 22 and 16159?
11
Calculate the greatest common divisor of 63 and 4263987.
21
Calculate the highest common factor of 64 and 4736.
64
What is the greatest common factor of 25 and 41740?
5
What is the highest common factor of 670 and 26398?
134
What is the greatest common factor of 193 and 202457?
193
What is the greatest common divisor of 3665825 and 25?
25
What is the greatest common divisor of 6240 and 3615456?
1248
Calculate the greatest common divisor of 20 and 12940.
20
What is the greatest common divisor of 165575 and 12025?
925
Calculate the highest common factor of 384 and 44064.
96
What is the highest common divisor of 18296 and 8?
8
Calculate the greatest common factor of 60 and 86316.
12
What is the highest common factor of 94370 and 10?
10
Calculate the greatest common factor of 1417767 and 39.
39
Calculate the highest common divisor of 133 and 1247483.
19
Calculate the highest common factor of 1569913 and 4677.
1559
What is the greatest common divisor of 12 and 532?
4
What is the highest common factor of 66411 and 41919?
471
What is the greatest common divisor of 175120 and 55?
55
Calculate the greatest common factor of 10176 and 3648.
192
Calculate the greatest common divisor of 1282089 and 46.
23
What is the greatest common divisor of 3707 and 1056?
11
What is the highest common divisor of 16309 and 8?
1
What is the greatest common factor of 98 and 40719?
49
What is the highest common factor of 26 and 120146?
26
What is the greatest common factor of 247347 and 6?
3
Calculate the greatest common factor of 22359 and 36237.
771
What is the highest common factor of 850 and 16490?
170
What is the highest common factor of 8758 and 414193?
151
Calculate the greatest common divisor of 220 and 852764.
44
What is the greatest common divisor of 199602 and 234?
234
Calculate the greatest common factor of 110 and 1580.
10
Calculate the greatest common divisor of 850 and 197150.
50
What is the highest common factor of 55 and 1565?
5
What is the greatest common divisor of 25093 and 207?
23
Calculate the highest common factor of 72 and 123240.
24
Calculate the greatest common factor of 16671549 and 87.
87
What is the greatest common factor of 15 and 329376?
3
What is the highest common factor of 1705 and 215?
5
What is the highest common divisor of 2910 and 1650?
30
What is the highest common divisor of 2328 and 788028?
1164
What is the greatest common divisor of 162 and 76140?
162
What is the greatest common factor of 600 and 8625?
75
Calculate the highest common divisor of 486825 and 300.
75
Calculate the highest common divisor of 251829 and 2511.
81
Calculate the greatest common divisor of 74 and 158.
2
What is the highest common factor of 203018 and 166?
166
Calculate the highest common divisor of 762846 and 697.
41
What is the highest common divisor of 25860 and 210?
30
Calculate the highest common factor of 1098 and 77226.
366
What is the greatest common factor of 1 and 41476?
1
What is the highest common divisor of 584 and 104?
8
What is the highest common divisor of 142368 and 288?
96
What is the greatest common divisor of 27 and 554577?
3
Calculate the highest common divisor of 975 and 22945.
65
What is the highest common divisor of 15 and 211655?
5
Calculate the highest common factor of 1690638 and 138.
138
What is the greatest common divisor of 90903 and 1256?
157
What is the greatest common factor of 12188 and 66?
22
Calculate the highest common divisor of 48778 and 1334.
58
What is the greatest common factor of 69791 and 404?
101
Calculate the highest common factor of 1632 and 176.
16
What is the highest common divisor of 60 and 260340?
60
What is the greatest common factor of 1254720 and 960?
960
Calculate the highest common factor of 6638 and 32.
2
What is the greatest common divisor of 1943 and 17822?
67
Calculate the greatest common divisor of 640 and 2575.
5
Calculate the greatest common divisor of 4068 and 596.
4
What is the greatest common factor of 4870 and 220?
10
What is the greatest common divisor of 1564447 and 214?
107
What is the highest common factor of 167739 and 143?
143
Calculate the greatest common factor of 325 and 37505.
65
Calculate the greatest common divisor of 499 and 463571.
499
What is the highest common factor of 324 and 5436?
36
What is the highest common factor of 11425987 and 181?
181
Calculate the highest common divisor of 126 and 6774.
6
What is the highest common divisor of 110182 and 356?
178
Calculate the greatest common divisor of 408 and 8619.
51
What is the greatest common divisor of 3055 and 235?
235
Calculate the highest common divisor of 8 and 16504.
8
What is the greatest common factor of 1195682 and 1206?
134
What is the highest common divisor of 14950 and 3725?
25
Calculate the highest common divisor of 6492 and 36.
12
What is the greatest common divisor of 9240 and 896?
56
What is the greatest common divisor of 1692 and 5828?
188
What is the greatest common factor of 39350 and 500?
50
What is the highest common factor of 15 and 16923?
3
What is the highest common divisor of 184 and 406502?
46
What is the highest common factor of 207026 and 2142?
34
What is the greatest common factor of 20 and 59315?
5
What is the highest common divisor of 36 and 46536?
12
What is the greatest common divisor of 6 and 125859?
3
Calculate the highest common divisor of 601650 and 75.
75
Calculate the greatest common factor of 8464 and 176.
16
What is the highest common factor of 96832 and 45212?
356
Calculate the highest common divisor of 28 and 809494.
14
Calculate the greatest common factor of 499820 and 6700.
1340
What is the highest common divisor of 35247 and 1767?
93
What is the greatest common factor of 53 and 795?
53
What is the highest common factor of 807360 and 348?
348
What is the highest common factor of 663 and 312?
39
What is the greatest common divisor of 948 and 44951?
79
What is the highest common factor of 3260 and 8440?
20
What is the highest common divisor of 8424 and 2484?
108
Calculate the highest common divisor of 131105 and 13.
13
Calculate the highest common divisor of 83 and 1005047.
83
What is the greatest common factor of 1235 and 60325?
95
Calculate the highest common divisor of 2512 and 2669.
157
What is the greatest common divisor of 238 and 172214?
14
Calculate the greatest common factor of 80 and 360.
40
Calculate the highest common divisor of 37 and 1799754.
37
Calculate the greatest common divisor of 4465 and 1501.
19
What is the greatest common factor of 1209 and 126438?
39
Calculate the highest common factor of 43586 and 39368.
1406
Calculate the greatest common divisor of 27189 and 4185.
27
Calculate the highest common divisor of 40 and 224280.
40
What is the greatest common factor of 67045 and 2279?
53
What is the greatest common factor of 453 and 33?
3
Calculate the highest common factor of 2 and 11302.
2
Calculate the highest common divisor of 919328 and 160.
32
What is the greatest common factor of 24381 and 2107?
301
Calculate the highest common divisor of 3770 and 1102.
58
Calculate the greatest common factor of 1105 and 143735.
85
Calculate the highest common factor of 69 and 177744.
69
What is the highest common divisor of 1690